est common factor of 8 and y.
1
Let k be ((-9)/(-6))/((-1)/342). Let v = -299 - k. Suppose -5*t - 6*m + v = -5*m, 3*m = -4*t + 180. What is the highest common factor of t and 6?
6
Suppose 0 = -5*d + y + 91, -35 = -0*d - 2*d - y. Calculate the greatest common factor of 2 and d.
2
Suppose 0 = -2*u + 29 - 27. Suppose -2 = -4*a + 2. Calculate the highest common divisor of a and u.
1
Suppose 5*f = -4*x - 0*x + 41, 5*f = -3*x + 37. What is the highest common factor of f and 35?
5
Suppose -3*g - 2*r + 2 = -5, -3*r = 5*g - 11. Let d = 2 - g. Calculate the highest common factor of 7 and d.
1
Let d = -13 - -33. Calculate the highest common factor of 160 and d.
20
Let g be 3 - (5 + -1 + 0). Let w be (-18)/(-4 + 6)*g. What is the highest common factor of 72 and w?
9
Let s be (156/(-7))/((-5)/35). Suppose 0 = 2*b - 4*w - s, 0*b - 108 = -b - 4*w. Suppose -p + 11 = -0*p. What is the highest common factor of p and b?
11
Suppose -u + 0 = -20. What is the highest common divisor of u and 30?
10
Let v = 6 + -3. Suppose 0 = 4*i - 16, 0 = v*n + n + 2*i - 96. Calculate the highest common divisor of 66 and n.
22
Let s = 6 - -9. What is the highest common factor of s and 6?
3
Suppose 2*y = 3*y - 2, -5*y + 82 = -3*k. Let f = 25 + k. What is the highest common divisor of 1 and f?
1
Let h = 12 + -6. Suppose 0*q = 3*q + 6, 4*q + 10 = -o. Let u be 332/h + o/(-3). Calculate the greatest common divisor of u and 7.
7
Let m = 22 - 12. Let z(c) = c - 4. Let d be z(m). Calculate the highest common divisor of 24 and d.
6
Suppose -t - 62 = -3*t + 4*v, 0 = 2*t - 3*v - 66. What is the greatest common factor of 91 and t?
13
Suppose 0 = -2*y + 5 - 1. Let h be ((-5)/y + 2)*-8. Calculate the highest common divisor of h and 32.
4
Suppose -4*w - 4*y + 77 = -3*y, 35 = w - 5*y. Let x = 3 - 1. Suppose 2*v + x*v = 16. Calculate the highest common factor of v and w.
4
Let q(l) be the first derivative of 15*l**2 + 4*l - 2. Let z be q(5). What is the highest common factor of 14 and z?
14
Suppose -x = 0, 2*d + x = 3*x + 168. What is the highest common divisor of 12 and d?
12
Let f(v) = v**2 + 5*v - 5. Let s be f(-6). Let z be s/(-1)*1 + 16. What is the greatest common divisor of 5 and z?
5
Suppose 14 = 3*p - 1. Suppose -2*h = 3*h + p*g - 20, -5*g = -5*h - 20. Suppose 2*j + h*j = 48. Calculate the highest common divisor of j and 60.
12
Let g(c) = -271*c - 1. Let j be g(-1). Suppose b = 4*b - j. Suppose -7*k = -2*k - b. What is the highest common divisor of k and 45?
9
Suppose y - 4*d - 24 = 0, -64 = -3*y + 5*d - d. Calculate the highest common factor of y and 5.
5
Suppose 0 = 4*a - 6*a + 112. Let y = a - 34. What is the highest common factor of 33 and y?
11
Let p be (-6)/(-8) - 585/12. Let y = p - -70. Calculate the greatest common factor of 44 and y.
22
Suppose 3*t = 3*z - 276, 0*z - 350 = -4*z - 5*t. Calculate the greatest common factor of z and 10.
10
Let a be (-10)/(132/(-129) - -1). Suppose 0 = 2*d - 5*j - 151, -d - 4*d + 2*j = -a. Calculate the greatest common factor of d and 8.
8
Let l(u) = u**3 + 7*u**2 + 8*u + 5. Let m be l(-5). Suppose 4*c - 31 = -m. Calculate the highest common factor of c and 36.
4
Let v be ((-1)/1 - -22) + -3. Let r be -33*(-3)/(v/4). Let i be (r/(-4))/((-1)/12). Calculate the highest common factor of 11 and i.
11
Let h(p) = 5*p**2 - 6*p + 1. Let w be h(5). Calculate the greatest common factor of 32 and w.
32
Let j = 4 + 0. Suppose j - 22 = -3*u. What is the greatest common factor of u and 12?
6
Let o = -17 + 38. Suppose -2*c = 3*q - 8 - 2, 4*q = -4*c + 16. Let s(d) = 12*d**2 - 5*d + 4. Let r be s(c). What is the greatest common factor of o and r?
21
Suppose -14*t = -16*t + 30. What is the greatest common divisor of t and 135?
15
Suppose a + 10 = n, 4*n - a - 25 = 2*n. Calculate the highest common factor of 3 and n.
3
Let z be 144/10 - 14/35. Calculate the greatest common factor of 21 and z.
7
Suppose -4*d + 32 = -76. Suppose -s - 4*i - 31 = -6*s, 5*s = 3*i + d. What is the greatest common factor of 12 and s?
3
Suppose -j - 3*j = -72. Calculate the highest common divisor of 72 and j.
18
Let c be 1/(3/(-60)*-4). Calculate the greatest common factor of 55 and c.
5
Let u = -379 - -533. Calculate the greatest common divisor of u and 22.
22
Let f = 38 - 28. Calculate the greatest common factor of 30 and f.
10
Let b = 44 + -32. What is the greatest common divisor of 18 and b?
6
Let k = 125 - 70. What is the greatest common divisor of 22 and k?
11
Let r = 12 + -10. What is the highest common divisor of r and 16?
2
Let a be (-16)/(-6) + (-2)/3. Let s be 6*2*a/12. Suppose 9 - 37 = -s*g. What is the highest common factor of g and 112?
14
Let a be ((-4)/(-3))/(8/1644). Suppose -64 = 3*v - a. Let q = 105 - v. What is the greatest common factor of q and 7?
7
Let q(p) = p**3 - p**2 - 2*p - 4. Let x be q(4). Let z = -41 - -252. Let t = z - 121. Calculate the greatest common divisor of t and x.
18
Let r(d) be the third derivative of 0*d + 1/60*d**5 - 5/24*d**4 + 0 - 2*d**2 + 5/6*d**3. Let f be r(4). Calculate the highest common divisor of f and 9.
1
Let h = 6 + 6. Calculate the highest common divisor of h and 12.
12
Let g = -3 + 3. Let k(l) = -l + 135. Let s be k(g). What is the greatest common divisor of s and 15?
15
Suppose -13*i = -23*i + 100. Let y = 1 - 1. Let d(u) = u**2 + 40. Let h be d(y). Calculate the highest common factor of i and h.
10
Suppose 0*y - 16 = -2*y. Suppose 5*p - y - 2 = 0. Calculate the highest common factor of 1 and p.
1
Let s(m) = m**2 + 5*m + 3. Let a be s(-5). Suppose 3*g = -a*y + 4*g + 60, 15 = -5*g. What is the highest common divisor of y and 152?
19
Let p = 581 - 381. What is the highest common factor of p and 20?
20
Let t be (4/(-6))/(3/(-99)). Let d be 178/8 + 20/(-80). What is the greatest common factor of d and t?
22
Let w be -5 + (-721)/(-28) + (-3)/4. Calculate the highest common divisor of w and 2.
2
Let b be 13/(-1)*(-1 + 0). Let v = 3 + b. Let l(z) = 146*z**2 + 2*z. Let y be l(-1). What is the highest common factor of y and v?
16
Let s be (5/(-3) + 2)*15. Suppose -s*i = -4*j - 16 - 2, -i - 5*j - 8 = 0. What is the greatest common factor of i and 18?
2
Suppose -z + 8 = 4*p + 3, 3*z + 5*p - 8 = 0. What is the highest common divisor of z and 1?
1
Suppose -3*b + 0 = -6. Suppose 0*p + 2*k = 2*p, p + 2 = 2*k. What is the highest common divisor of p and b?
2
Let b(s) = 22*s - 2. Let m be b(4). Suppose 0 = w - m + 5. What is the greatest common factor of 9 and w?
9
Let m(n) = -45*n + 16. Let y be m(-8). What is the greatest common divisor of y and 47?
47
Let a be (1/1)/((-1)/(-31)). Suppose 4*t - 3*b - 9 = 0, 4*t - b = a - 12. What is the highest common factor of 12 and t?
6
Let i = 112 - 55. Let u(x) = -20*x**3 - 2*x**2 - 2*x - 1. Let m be u(-1). Calculate the greatest common factor of m and i.
19
Let x(h) = h**2 - h - 4. Let a be x(4). Suppose -3*o - 440 = -a*o. What is the highest common factor of 8 and o?
8
Let c be ((-81)/6)/((-9)/12). Let m be -1 + c + (-3 - -6). Calculate the greatest common factor of 100 and m.
20
Let q(v) = v**2 + 11*v - 7. Let a be q(-12). Let f(i) = 7*i - 5. Let u be f(a). What is the greatest common divisor of u and 30?
30
Let u = 11 - 17. Let g(p) be the first derivative of -3*p**2/2 - 5*p - 1. Let m be g(u). What is the greatest common divisor of 39 and m?
13
Let k be (32/(-10))/(-5*(-2)/(-25)). Calculate the highest common factor of 72 and k.
8
Let y be (-1)/(3/12*2). Let f be y - -7*(0 + 1). Suppose -l = o, -o + 8 = -f*o. Calculate the highest common divisor of 6 and l.
2
Suppose q - 4 - 1 = 0. Suppose 0 = -4*x + 3*w + 77, 2*w - q*w = -3. Let s = -28 + 78. Calculate the greatest common factor of s and x.
10
Let q(f) = -21*f**3 - 2*f**2 - 3*f - 2. Let v be q(-1). Calculate the greatest common factor of v and 4.
4
Let j = 18 - 12. Suppose 4*q = -1 + 9. Suppose -c = -4*t + 43, -q*c - 3*c = -4*t + 23. Calculate the greatest common divisor of j and t.
6
Suppose -2*h + 5*m - m + 124 = 0, 5*m - 169 = -2*h. Let o = -12 - -21. Calculate the greatest common divisor of o and h.
9
Let w(y) = y**3 - 7*y**2 + y + 5. Let f be w(7). What is the highest common divisor of f and 3?
3
Suppose 3*m = 6 + 3. Let g be (-2 + m)/(2/24). Let y = -35 - -83. What is the greatest common divisor of y and g?
12
Let q = -93 - -144. What is the hig